219919 a prime number?
False
Is 5052319 a composite number?
True
Is 14499341 a prime number?
False
Is 302483507 composite?
True
Is 42070583 a prime number?
True
Is 14495903 prime?
True
Is 14497937 composite?
False
Is 277356829 composite?
True
Is 8944217 composite?
True
Is 39969709 a prime number?
False
Is 716193473 a composite number?
True
Is 944953 composite?
False
Is 10156921 a prime number?
False
Is 10677697 a prime number?
True
Is 2984039 composite?
False
Is 68315021 composite?
False
Is 15172601 a composite number?
False
Is 962461007 a prime number?
True
Is 3152139 a composite number?
True
Is 20023693 a composite number?
False
Is 1217003 prime?
False
Is 18496993 composite?
True
Is 434647 prime?
True
Is 18123493 prime?
True
Is 2177957 a prime number?
True
Is 958289 a composite number?
False
Is 211778074 a composite number?
True
Is 183959507 a prime number?
True
Is 227837 prime?
False
Is 430357 composite?
False
Is 1059059 a composite number?
False
Is 33133481 composite?
False
Is 58133051 a prime number?
False
Is 247523 composite?
True
Is 2713889 a prime number?
False
Is 119483333 a prime number?
True
Is 19851221 prime?
False
Is 8247341 composite?
False
Is 48906713 a composite number?
True
Is 165419 composite?
True
Is 8018177 composite?
False
Is 31529306 composite?
True
Is 529379 prime?
False
Is 38282693 prime?
True
Is 58614991 prime?
True
Is 701050435 composite?
True
Is 24848699 prime?
True
Is 4711447 prime?
False
Is 978497 composite?
True
Is 19177513 composite?
True
Is 6560989 composite?
True
Is 44547847 composite?
False
Is 6175681 a prime number?
True
Is 1721683 a prime number?
True
Is 30690167 a prime number?
True
Is 54969941 composite?
True
Is 24408797 prime?
False
Is 1368907 prime?
True
Is 1970313 a composite number?
True
Is 59771 a composite number?
False
Is 18070142 a composite number?
True
Is 192844571 prime?
False
Is 1086101 composite?
False
Is 15755549 a prime number?
False
Is 36538807 prime?
False
Is 59866307 a prime number?
False
Is 56767 a prime number?
True
Is 9449003 a composite number?
False
Is 17926939 prime?
False
Is 52431437 composite?
True
Is 556902119 composite?
False
Is 113844281 composite?
False
Is 26159761 composite?
False
Is 145840969 a prime number?
True
Is 608849 a composite number?
True
Is 132930167 a prime number?
True
Is 174968393 a composite number?
True
Is 41590253 a composite number?
True
Is 1611917 a prime number?
True
Is 1690933 composite?
False
Is 10116971 a prime number?
True
Is 9628393 a prime number?
True
Is 10829047 a composite number?
False
Is 252777367 prime?
False
Is 138533429 composite?
False
Is 6048993 a composite number?
True
Is 7921861 a composite number?
False
Is 10344727 a prime number?
True
Is 247318733 a prime number?
True
Is 34279019 composite?
False
Is 67909429 a composite number?
True
Is 19861414 a composite number?
True
Is 124990997 a prime number?
False
Is 474168599 a prime number?
True
Is 45816149 a prime number?
True
Is 960853 composite?
True
Is 2240573 a prime number?
True
Is 20692541 prime?
True
Is 10544979 prime?
False
Is 91108081 composite?
True
Is 3603651 a prime number?
False
Is 4558277 a composite number?
True
Is 5591671 composite?
False
Is 20165357 a composite number?
True
Is 10806673 a composite number?
True
Is 8596417 a prime number?
False
Is 1106069 composite?
False
Is 1197554 a prime number?
False
Is 1343389389 composite?
True
Is 1736171 a composite number?
True
Is 4865369 a composite number?
True
Is 39405827 a composite number?
True
Is 4974449 a composite number?
False
Is 27439 prime?
False
Is 9238573 composite?
True
Is 36638909 prime?
False
Is 3637463 prime?
False
Is 7381741 a composite number?
False
Is 178113521 a composite number?
True
Is 10065119 a composite number?
False
Is 1178917 a prime number?
False
Is 10584947 composite?
True
Is 497578 composite?
True
Is 141330391 composite?
False
Is 21848839 a prime number?
False
Is 8331857 a composite number?
False
Is 19459283 a prime number?
True
Is 146696879 a composite number?
True
Is 13534709 prime?
False
Is 28916999 a composite number?
True
Is 102622973 a prime number?
True
Is 382807 composite?
False
Is 16995647 prime?
True
Is 32490343 a prime number?
False
Is 6534083 composite?
False
Is 3299227 a prime number?
False
Is 960967873 prime?
True
Is 297982 a prime number?
False
Is 4666031 a composite number?
False
Is 46626677 composite?
True
Is 2218739 a prime number?
False
Is 166781929 prime?
False
Is 98046911 prime?
True
Is 1048429 composite?
True
Is 364739 a prime number?
True
Is 526457 prime?
False
Is 23638009 a prime number?
False
Is 7955603 composite?
False
Is 19652317 composite?
False
Is 6973831 a prime number?
True
Is 3901759 a prime number?
False
Is 26870491 prime?
True
Is 154530559 a composite number?
False
Is 3487663 a prime number?
False
Is 345803 prime?
True
Is 49959293 prime?
False
Is 8635117 composite?
False
Is 28035365 composite?
True
Is 6904519 a composite number?
False
Is 227559803 prime?
False
Is 28815287 composite?
False
Is 958283 composite?
True
Is 4162657 a prime number?
True
Is 20159567 a prime number?
False
Is 23945591 composite?
True
Is 15222527 prime?
False
Is 23698447 prime?
True
Is 1021973 prime?
True
Is 33922717 prime?
False
Is 478238 composite?
True
Is 16331123 a composite number?
False
Is 15941089 a prime number?
False
Is 14012855 composite?
True
Is 29717 composite?
False
Is 7656899 a prime number?
False
Is 38836069 a prime number?
True
Is 123753941 composite?
False
Is 18716707 a composite number?
False
Is 30042843 a prime number?
False
Is 20199721 a composite number?
True
Is 4947127 prime?
False
Is 88117 composite?
False
Is 36537167 a prime number?
False
Is 8029793 a prime number?
True
Is 66437393 a prime number?
False
Is 409763 composite?
True
Is 2429081 composite?
True
Is 53196947 prime?
False
Is 4591693 prime?
False
Is 9360073 composite?
False
Is 7834009 a prime number?
False
Is 3139291 composite?
False
Is 244429013 composite?
True
Is 204445497 a composite number?
True
Is 157179677 a prime number?
False
Is 24302909 a prime number?
True
Is 36055379 prime?
False
Is 1512889039 a prime number?
True
Is 25766287 a composite number?
False
Is 63139 a prime number?
False
Is 279491987 a prime number?
True
Is 78810709 a composite number?
True
Is 209046049 a composite number?
False
Is 42833083 a composite number?
False
Is 28656329 a composite number?
True
Is 12194357 a prime number?
False
Is 4349383 a composite number?
True
Is 15029269 a prime number?
True
Is 8796001 composite?
False
Is 574226893 a composite number?
False
Is 3562343 composite?
False
Is 649739 prime?
True
Is 389507 composite?
False
Is 3392531 composite?
True
Is 6467 composite?
True
Is 5654017 a composite number?
False
Is 24271397 composite?
False
Is 146277491 a prime number?
True
Is 33250297 composite?
False
Is 8815097 a composite number?
False
Is 56459939 composite?
False
Is 65341279 a composite number?
False
Is 2288329 a composite number?
True
Is 2361671 prime?
False
Is 11662093 composite?
False
Is 286249609 a composite number?
False
Is 5022167 a prime number?
True
Is 46609171 a prime number?
False
Is 151442363 a composite number?
False
Is 281144951 a composite number?
False
Is 16525601 a composite number?
False
Is 51540691 composite?
False
Is 1289231 prime?
True
Is 12849437 a prime number?
True
Is 16698223 a composite number?
False
Is 25483151 a composite number?
False
Is 2539951 a composite number?
False
Is 619043 a prime number?
False
Is 78673 a composite number?
True
Is 117211015 composite?
True
Is 365441 a composite number?
False
Is 11562587 composite?
False
Is 3595247 a prime number?
True
Is 173242211 prime?
True
Is 12475429 a prime number?
False
Is 171194711 a composite number?
False
Is 53133827 prime?
False
Is 4516217 a composite number?
False
Is 2288051 prime?
True
Is 612611 composite?
False
Is 7480339 a prime number?
True
Is 2014309 a prime number?
False
Is 724991 a composite number?
False
Is 844013633 prime?
True
Is 19728781 composite?
False
Is 5814163 a prime number?
False
Is 48970007 prime?
False
Is 18816703 a prime number?
False
Is 46224809 a composite number?
False
Is 428628907 a composite number?
True
Is 29083739 composite?
True
Is 55229663 a prime number?
True
Is 402569593 prime?
True
Is 7753663 a composite number?